he tens digit of n?
1
Suppose -310 = -5*b + 5*x, -2*b = x + 58 - 194. What is the tens digit of b/3 - (-4 + 3)?
2
Let u be (-2)/(-8) - 2628/(-48). Let q = u + -31. What is the tens digit of q?
2
Let u(o) = 23*o**2 - o. What is the units digit of u(-1)?
4
Let r = -7 - -11. Suppose 12 = -r*n + n - 3*i, -4*n - 9 = -3*i. What is the units digit of 6 + (-4)/(-1 - n)?
4
Suppose 664 = -c + 9*c. What is the units digit of c?
3
Let n = 17 - 2. Let k be (18/n)/(2/5). Suppose -3*v + 24 = k*a, v - 4*a = -2*a - 1. What is the units digit of v?
5
Let o(s) = -s**3 - 3*s**2 + 2*s - 3. Let g be o(-4). Suppose 0*x = -5*x + g. What is the units digit of x?
1
Suppose 4*k = -i + 10, 2*i = -2*k + 1 + 1. What is the units digit of 4*(k + -2 + 2)?
2
Suppose -o - o = -46. Suppose 3*n + o = 4*r, -n - 15 = 2*n. What is the units digit of r?
2
Let c(s) = s**3 + 15*s**2 + 2*s + 36. What is the units digit of c(-15)?
6
Suppose -3*n = 3*g - 17 - 22, 2*g + 2 = 5*n. Suppose -48 = 3*p - g. Let v = -7 - p. What is the units digit of v?
6
Let u = -2 - -3. Let d = u - -8. Let n = d - 4. What is the units digit of n?
5
Suppose 3*a - 93 = 111. What is the units digit of a?
8
Let k = 5 - -5. Let b(l) = -l + 13. Let s be b(k). Suppose 0 = a - s*u + 5, -a - 2*u - 20 = -4*a. What is the units digit of a?
0
Suppose 13 = -5*q + 3. Let i be (-260)/70 + (-4)/14. Let g = q - i. What is the units digit of g?
2
Suppose b + 0*b = w + 69, 0 = 5*w - 4*b + 344. Let j = w - -95. What is the tens digit of j?
2
Let c(k) = -2*k + 3. What is the units digit of c(0)?
3
Let i = -31 - -67. What is the units digit of i?
6
What is the units digit of ((-4)/(-6))/(13/585)?
0
Let f(d) be the first derivative of 2*d**3/3 - 5*d**2/2 - 3*d + 5. What is the units digit of f(4)?
9
What is the hundreds digit of (-5 - -6)*(1 - (-189 - 1))?
1
Suppose 0 = -4*n - 3 + 11. Suppose 0 = x - n*x + 2*a - 2, 4*x = a + 27. What is the units digit of x?
8
Suppose 4*h = v + 142, 0*v = -h - v + 33. What is the units digit of h?
5
Suppose 35 = -2*c - 4*q - 3, 4*q + 65 = -5*c. Let k be (6/c)/(4/(-18)). Suppose 3*r = -0*r + 3, -5*r + 20 = k*h. What is the units digit of h?
5
Suppose -95 - 45 = -5*c. Let p = c + -14. What is the tens digit of p?
1
Suppose -3*m + 90 = -0. Suppose 4*u = u + m. What is the tens digit of u?
1
Suppose -5*h = -0*h + 110. Let a = h + 60. What is the tens digit of a?
3
Let p(h) = -h**3 + 6*h**2 + 8*h - 5. Let c be p(7). Suppose 3*l + c*l = 40. What is the units digit of l?
8
Let s = 15 + -11. Let j be -2 + 2 + 0 + 0. Suppose 0*w - w + s = j. What is the units digit of w?
4
Suppose -m + 212 - 43 = 0. What is the tens digit of m?
6
Let x be -2*(2/4 + 2). Suppose 0 = -2*b - 6, 4*l - 30 = b + 5. Let f = l + x. What is the units digit of f?
3
Let s(n) = 8*n - 4. What is the units digit of s(1)?
4
Let i = -10 - -14. Suppose 0*o = i*o - 12. Suppose -2*t + 7 + 15 = -y, 4*t = o*y + 44. What is the units digit of t?
1
Suppose -l - l = 12. Let u(p) = -6*p - 3. What is the units digit of u(l)?
3
Let v be 6/(-15) - 204/(-10). Suppose 3*f = -b + v, -f = b - 5*f + 8. What is the units digit of b?
8
Let y(a) = -a**2 + 4*a + 4. Let z(d) = 2*d**2 - 8*d - 7. Let f(k) = -5*y(k) - 3*z(k). Let b be f(5). What is the units digit of b/14 - (-153)/21?
7
Let k = -2 - -3. What is the units digit of 85/10 + k/2?
9
Let q(h) be the third derivative of -h**6/120 - h**5/10 - h**4/24 + 2*h**3/3 - 4*h**2. What is the units digit of q(-6)?
0
Let o = 156 - -10. What is the hundreds digit of o?
1
Suppose 0 = -4*k - 53 + 141. What is the units digit of k?
2
Let r be 0 - 2/(-2) - 1. Suppose 5*c - 2*c + 18 = r. What is the units digit of 24/9 + 4/c?
2
Let x(q) = -6*q - 23. What is the tens digit of x(-8)?
2
Let q = -71 + 182. What is the hundreds digit of q?
1
Let w be -1*(13 - 2)/(-1). Let j be -1*(-1 - 0)*w. Suppose -j = -n + 2*d, 2*n - 3*d = -0*n + 18. What is the units digit of n?
3
Let h(k) = 4*k + 2*k - 1 - 4*k - k. What is the units digit of h(2)?
1
Let d be -5*3/6*2. Let y(f) = f**3 + 7*f**2 + 2*f - 2. What is the units digit of y(d)?
8
What is the units digit of 21/(-3)*(-1 - 0)?
7
Let d(s) = -1 + 2*s**3 + 2*s + 0 + 2*s**2 - 3*s**3. Let w be d(3). What is the units digit of 1/(2/w) - -15?
3
Let w = 99 - 87. What is the tens digit of w?
1
Let c(z) = 3*z**2 + 3*z - 1. What is the tens digit of c(2)?
1
Let m be (23 - -1)*(-61)/3. What is the tens digit of m/(-20) + (-6)/15?
2
Let x(z) = z**3 + z**2 + 2. Let v be x(0). Suppose -n - 2*n - 4*a = -55, 4*a - 3 = n. Suppose v = 5*k - n. What is the units digit of k?
3
What is the units digit of 91*1*(7 + -10)/(-3)?
1
Suppose 15 = -2*n + 71. What is the tens digit of n?
2
What is the tens digit of (-48)/(-5) + 8/20?
1
Let f = 9 + -12. What is the units digit of (f - -1)/2 + 13?
2
Let a be (5/4)/((-2)/8). Let y = 1 - a. What is the units digit of y?
6
Suppose 63 = 3*h - 96. What is the units digit of h?
3
Let z = 2 - -68. What is the units digit of z?
0
Suppose -11 = -5*v + 14. Suppose -v*j + 4*j = -4. Suppose j*p - 40 = -p. What is the units digit of p?
8
What is the hundreds digit of ((-7)/21)/(3/(-1449))?
1
What is the tens digit of 763/9 + 2/9?
8
Let m be 2 + 1 + (-3)/1. Suppose 3*x + 27 = 3*s, -2*s + x - 6*x + 53 = m. What is the tens digit of s?
1
Let j be (-3)/6*-10 - -1. Let z = j + 3. What is the units digit of z?
9
Let a = 48 - 17. Suppose -4*h + 2*z = -132, 0 = h - 4*z - 2 - a. What is the tens digit of h?
3
Let p be -3*4*2/(-6). Suppose 9 = 2*m - 3*y, 3*m - 53 - 3 = -p*y. What is the units digit of m?
2
What is the units digit of -1*-3*(168/9 + 3)?
5
What is the units digit of -1*(-1 + 0)*38?
8
Let s = 14 + 2. What is the tens digit of s?
1
Let r(w) = w**2 - 6*w + 4. Let n(h) = h + 18. Let f be n(-12). What is the units digit of r(f)?
4
Suppose -5*w - 3*b = -493, -3*w = -b + 10 - 303. What is the units digit of w?
8
Let z(g) = 2*g**2 + g - 1. Let b be z(1). Suppose s + 22 = 3*c - 4*s, -11 = -c - b*s. Suppose -5*d = -f - c, -4*f + d + 0*d = -21. What is the units digit of f?
6
Suppose -6*n + 287 = 23. What is the tens digit of n?
4
Let i be (9 + 0)/((-1)/(-3)). Suppose 2*w + 11 = -3*z + i, -5*w - 4*z + 47 = 0. Let v = w - 4. What is the units digit of v?
7
Let j = 55 - 30. What is the tens digit of ((-8)/10)/((-2)/j)?
1
Suppose 3*r + 2*w = 832, -5*w = 5*r - 1003 - 387. What is the hundreds digit of r?
2
Let t = 5 - 19. Let k be t/(-6) - (-8)/12. Suppose -2*m = -k*c + 21 - 5, -3*m + 6 = 3*c. What is the units digit of c?
4
Let p(h) = 15*h**3 + 1. Let s be p(1). Suppose 0 = -6*u + 2*u - s. Let y(v) = v + 5. What is the units digit of y(u)?
1
What is the tens digit of 90 + (4 + (-2 - -1) - 1)?
9
Suppose -4*m + 4*f = f + 15, -m = 4*f - 20. Suppose 4*r - 32 = -m*r. What is the units digit of r?
8
Let o = -7 - -9. Suppose 34 - 134 = -5*a - 5*q, o*q = a - 8. What is the tens digit of a?
1
Let j(k) = 6*k - 20. Let y be j(8). Let b = -14 + y. What is the units digit of b?
4
Let b be (-8)/3*(-9)/4. Let x(f) = f**3 - 5*f**2 - 6*f + 2. Let p be x(b). What is the units digit of p/1 + (3 - -2)?
7
Let p(j) = -j. Let i be p(-4). What is the units digit of 26/i - 15/10?
5
Suppose d + 4*j + 27 = 0, 2*d - 3*j = 6*d + 43. Let c be (-2)/6 + d/(-3). Let x(w) = w**3 + w**2 - w - 1. What is the units digit of x(c)?
9
Suppose 0*q = -3*q + 9. Suppose -v = -4, v = q*t - 6*t + 13. Suppose -t*n + 20 = -4. What is the units digit of n?
8
Let s be (-11 + 15)/(1*2). Let t = 0 - -1. Suppose s + t = k. What is the units digit of k?
3
Let b be 0*(3 + -2) + 1. Suppose 5*g - b + 16 = 0. What is the units digit of (-48)/g - (3 - 2)?
5
Suppose -3*k + 186 = 2*k - 3*r, r - 142 = -4*k. Suppose k = c + 2*c. What is the tens digit of c?
1
Let t = -7 + 10. Suppose t*w - 2 = w. What is the tens digit of (w + (2 - 2))*12?
1
Suppose 5*a - 325 + 10 = 0. Let p be 662/18 - (-14)/a. Suppose -49 = -5*s - 2*d - 0*d, -5*s + 4*d = -p. What is the units digit of s?
9
Let h(f) = f**3 + 7*f**2 - 4*f - 5. What is the units digit of h(-7)?
3
Suppose -2*h = -4*v + 2*h - 8, -4*v = -h - 7. Suppose 3*u - v*p - 6 = 0, 5*u + 0*u - 7 = 2*p. Suppose u - 25 = -4*q. What is the units digit of q?
6
Suppose -4*v - 4*w + 178 = 42, 5*v - 2*w - 205 = 0. What is the tens digit of v?
3
Let n(u) = 3*u - 1. Let y be n(2). Let b = 0 - y. Let j(t) = -t - 4. What i